 What are the prime factors of l?
2, 19
Let s(b) = b**2 - 6*b - 11. List the prime factors of s(8).
5
Let y = 1 - 40. Let r = 61 + y. Suppose r = 4*z + 2. What are the prime factors of z?
5
Let d(m) = m - 1. Let v be d(7). List the prime factors of (-124)/(-6) + (-4)/v.
2, 5
Let i = -408 + 622. List the prime factors of i.
2, 107
Suppose 3*l - 111 = -3*j + 168, 4*l + 388 = 4*j. List the prime factors of j.
5, 19
Suppose -5*m - f + 6*f = -120, m + 4*f - 39 = 0. What are the prime factors of m?
3
Suppose -2*h + 20 = 2*h. Suppose 4*w - 8 = 0, h*f + w + w = 184. What are the prime factors of f?
2, 3
Suppose 6*p - 25 = p. Suppose p*m + 20 = m. Let c = m + 9. What are the prime factors of c?
2
Let l(c) be the second derivative of 2*c**3/3 - 10*c**2 + c. What are the prime factors of l(14)?
2, 3
Let l = 18 + -11. Let y = -2 + l. Suppose -2*u = -3*d + 4*d - 1, 0 = -u + y*d + 17. List the prime factors of u.
2
Suppose -u = -4*z - 15, -90 = -3*u - 3*z + 30. Suppose -3*h = 2*y + 102 - 35, 5*h + 5*y + 110 = 0. Let o = u + h. What are the prime factors of o?
2, 3
List the prime factors of (67/4)/(-6 - (-49)/8).
2, 67
Let v(r) = r**2 - r + 42. List the prime factors of v(0).
2, 3, 7
What are the prime factors of 468/33 + (-8)/44?
2, 7
Let n = -15 + 21. Suppose -c = -n*c + 45. What are the prime factors of c?
3
Let u be 7/(-3) + (-2)/3. Let k(q) = q**2 - 3*q - 3. List the prime factors of k(u).
3, 5
Let k be (4/6)/(2/33). Suppose 0 = -2*w - 3*h + k, -4*w + 15 = -w + 5*h. List the prime factors of w.
2, 5
Suppose -3*j + 1 + 9 = 4*s, 2*s = -2*j + 8. List the prime factors of j.
2, 3
Let d = 90 + -17. Suppose 0 = 3*r - d - 71. What are the prime factors of r?
2, 3
Suppose -4*i + 38 + 67 = -3*z, -4*z + 50 = i. List the prime factors of i.
2, 3, 5
Let k(q) = q - 4. Let b be (-2)/4*(-1 - 13). Let u be k(b). Let r = u + 12. What are the prime factors of r?
3, 5
Let a(q) = q**2 + q - 3. Let z be a(0). Let p = 8 + z. List the prime factors of p.
5
Let o = 19 + -6. List the prime factors of o.
13
Let w(v) = -v**3 + 2*v**2 + 3*v. Let k be (5 + -8)*4/6. List the prime factors of w(k).
2, 5
Let u(s) = s**3 + 4*s**2 - 2*s - 3. Let h be u(-3). Suppose -4*b + h = -b. Suppose -a = b*a - 65. What are the prime factors of a?
13
Suppose 9*p + 0*p = 369. What are the prime factors of p?
41
Let k be (-2)/(-4) - 8/(-16). Let j = 1 - k. Suppose j = -4*f + 3*q + 79, -5*f + 97 = -0*f - 2*q. List the prime factors of f.
19
Let i be (-304)/6 - 2/6. Let c = -35 - i. List the prime factors of c.
2
Let n be 2 - (-3 + 0 + 2). Suppose 0 = -2*f - n*f + 65. List the prime factors of f.
13
List the prime factors of 66/(-4)*(9 + -11).
3, 11
Let j(y) = y - 12. Let d be j(7). Let b(w) = -w**2 - 7*w - 2. Let n be b(d). Suppose -q = -2*q + n. List the prime factors of q.
2
Let w(y) = -2*y - 2 + 0 + 6*y. What are the prime factors of w(4)?
2, 7
Suppose -5*j = 6*x - 2*x - 99, -3*j = x - 65. What are the prime factors of j?
23
What are the prime factors of (-2775)/(-9) - (-2)/(-6)?
2, 7, 11
Let s(z) = z**2 - z. Let h be s(1). Suppose h*g + 21 = 3*g. List the prime factors of g.
7
Let p be 9/(-3) - (-8)/(-1). Let i(u) = -u**3 - 12*u**2 - 13*u - 11. List the prime factors of i(p).
11
Suppose 7*x - 3*x = -u + 163, -5*x = 3*u - 209. List the prime factors of x.
2, 5
Let h be 1158/14 + (-10)/(-35). Suppose 0 = 4*a - 49 - h. What are the prime factors of a?
3, 11
List the prime factors of (-1)/(-6) + (-94)/(-12).
2
Suppose 5*a + v + 3*v = 345, 2*a + v = 135. Suppose -5*b - 25 = -a. List the prime factors of b.
2
Let u(b) = b**3 + 5*b**2 - b - 6. Let q be u(-5). Let f(h) = -h**2 - 2*h. Let w be f(q). What are the prime factors of (w - -1 - 1) + 7?
2
Let g(p) = 2*p**2 - 11*p - 13. List the prime factors of g(7).
2
Let n(f) = -f**2 - 8*f. Let o be n(-7). Let g be (2 - (0 + 1))/(-1). Let c = o + g. What are the prime factors of c?
2, 3
Let r(w) = -4*w - 6. What are the prime factors of r(-16)?
2, 29
Suppose r + 2*i - 40 = -2*r, -30 = -4*r + 2*i. Let o = r + -6. What are the prime factors of o?
2
Let p = 50 - 23. List the prime factors of p.
3
Suppose 0 = 3*c + y - 308, -10*y = c - 6*y - 121. List the prime factors of c.
101
Let x(l) = l**3 - l + 5. Let w(i) = i**2 + 4*i + 6. Let c be w(-4). Let k be (-6)/9 - (-4)/c. What are the prime factors of x(k)?
5
Let i = 4 + -8. Let r be i/6 + (-68)/6. List the prime factors of 2 + -2 - r/2.
2, 3
Suppose -4*r + r + 15 = 0. List the prime factors of r.
5
Let k(a) = a**3 + 7*a**2 - 8*a + 6. Let d be k(-8). Let q = d + 2. List the prime factors of q.
2
Suppose -n = -3*n + 3*y - 20, -2*y - 31 = 5*n. Let g = 9 + n. What are the prime factors of g?
2
Suppose 5*y + 5*g = 0, -4*y - 2*g + 1 = -5. Suppose 28 = -4*l + m, -y*l = -7*l - 4*m - 8. Let z = 1 - l. List the prime factors of z.
7
Let s = 3 - 3. Let j be s/(-1) - (1 + 2). List the prime factors of (j/6)/((-1)/26).
13
Suppose k - 4 = -g - 1, -k + 3 = 0. Let p(b) = b**3 + b + 2. Let w be p(g). Suppose -w*q = -q - 10. List the prime factors of q.
2, 5
Suppose -5*l + 6 = -q + 21, 7 = 3*q + 4*l. Let c = q - 3. What are the prime factors of c?
2
Let j = 24 + -8. Suppose 0 = 6*a - 2*a - j. Suppose -a*c = -16 - 12. What are the prime factors of c?
7
Suppose 2*i + l = -0*l + 16, -3*l = 2*i - 24. Let k(f) = 4 - 4*f - i + f. List the prime factors of k(-4).
2, 5
Let f be (-4)/(-10)*-3*-5. Suppose -f + 31 = -s. List the prime factors of s*2*(-3)/15.
2, 5
Let v = 41 - -1. What are the prime factors of (2/6)/(2/v)?
7
Let h be (-6)/9*42/(-4). Suppose -4*g - 120 = -h*g. List the prime factors of g.
2, 5
Let a = -7 - -5. What are the prime factors of 23 + -2 + a + 5?
2, 3
Suppose -2*d + 22 = 2*b, 5 = d - 4*b + 2*b. Let p be (-6 - -8) + (0 - 0). What are the prime factors of p/(2 - d/6)?
2
Let o be 1*1*(-3 + 3). Suppose 0 = -a - o + 39. What are the prime factors of a?
3, 13
Let t be (56 - -1) + 0 + 3. Suppose -3*q + 4*m + t = 4, -3*m - 54 = -3*q. What are the prime factors of q?
2
Suppose -3*t = t - 8. Suppose -17 = -3*l + o, -2*l - 2*l - 3*o + 1 = 0. Suppose -32 - 10 = -3*c + t*d, -5*c + l*d + 70 = 0. What are the prime factors of c?
2, 7
Suppose 9*h - 12 = 4*h + 4*w, 0 = -h - 3*w - 9. Suppose 6 = -3*n - h*n + 5*t, 5*n - 3 = 4*t. List the prime factors of n.
3
Suppose 5*b - 2*o = 120, -5*o + 39 = -2*b + 108. List the prime factors of b.
2, 11
Let b be -1*(0 + (-9)/3). Suppose 5*j = j - b*u + 134, -5*j + 168 = 4*u. List the prime factors of j.
2
Let p = -12 + 8. List the prime factors of (-57)/(-6) - (-2)/p.
3
Suppose 0*k - 5*k + 14 = 2*b, 4*k = 8. Suppose -2*r + g = 33, 0 = 3*r - b*g + 41 + 10. Let z = 27 + r. What are the prime factors of z?
2, 3
Let l = 141 - 100. Let p = l + -11. Suppose -15 = -5*u + p. What are the prime factors of u?
3
Let o = 13 + 79. List the prime factors of o.
2, 23
Let g be (-16)/(-3)*(2 - -4). What are the prime factors of (-1 - 0)/((-1)/g)?
2
Suppose 4*j = 15 + 1. Suppose -d + r = 2*r - 19, -5*d - j*r = -99. List the prime factors of d.
23
Suppose 2*m + 10 = -3*m. Let d = -3 - m. What are the prime factors of 14/4 - d/2?
2
Suppose 141 - 33 = -4*y. What are the prime factors of (y/4)/((-5)/20)?
3
Suppose 4*w = -5*b - 108, 5*w - 87 = 3*b - 0*b. Let l = -9 - b. List the prime factors of l.
3, 5
Let t = 34 - 61. Let c = -12 + 50. Let v = c + t. List the prime factors of v.
11
Let t(r) = -29*r - 26. What are the prime factors of t(-8)?
2, 103
Let r(y) = -5*y**3 - 3*y**2 + y - 6. List the prime factors of r(-3).
3, 11
Let w(i) = i**2 - i + 2. Let r be w(4). Suppose -s = -g - 5, -g + r = 5*s - 17. List the prime factors of s.
2, 3
Let g be ((-1)/1)/(4/(-20)). Suppose -x = x - 4*o + 10, -2*x = -g*o + 14. Let y = 2 + x. What are the prime factors of y?
5
Suppose -k - 4*k = n - 15, -5*n + k = -23. List the prime factors of 116/5 + (-1)/n.
23
Let x = -2 - -5. Suppose r - 4*r = x*g - 27, -5*g - 3*r + 39 = 0. What are the prime factors of g?
2, 3
Let n be (3*-1)/(-3) + 0. Suppose -q = n, -k = k - 2*q - 32. List the prime factors of k.
3, 5
Suppose q - 28 = -72. What are the prime factors of q/(-6) + (-1)/3?
7
Suppose 0 = 2*u + 5*g + 35, 0 = u + 4*u - 2*g + 15. Let j = 16 + u. List the prime factors of j.
11
What are the prime factors of -2*(-2)/3*(-762)/(-8)?
127
Suppose 2*t = -4*f + 42, 5*t - 4*f - f = 120. Let l = t 